010011
152303 (base 13) to base 8
1765532
What is 342450115 (base 6) in base 15?
843875
Convert -112c09 (base 13) to base 4.
-1203030031
Convert -984a79 (base 13) to base 4.
-31222030133
Convert 45958 (base 15) to base 7.
1611503
21542413 (base 7) to base 13
501376
What is ac6c64 (base 14) in base 2?
10110010110001101011000
Convert 1488504 (base 10) to base 5.
340113004
1aba602 (base 12) to base 10
5720546
-30322260 (base 7) to base 5
-1121323203
Convert 4047f (base 16) to base 9.
441150
Convert -4a458 (base 11) to base 9.
-120307
Convert 11101000010111100 (base 2) to base 12.
58a24
-300411232 (base 5) to base 16
-1215a8
What is 141387 (base 10) in base 8?
424113
Convert -132102103 (base 4) to base 9.
-208144
Convert -134112 (base 5) to base 11.
-417a
-74565 (base 14) to base 4
-1010211331
What is -111562 (base 11) in base 13?
-62b5c
-b42b9 (base 15) to base 7
-4565502
What is 54033522 (base 6) in base 12?
6488a2
What is -54494 (base 14) in base 16?
-31cc2
What is -11214005 (base 6) in base 13?
-c0944
-22c8d5 (base 14) to base 12
-493023
Convert -26539d (base 16) to base 11.
-1466150
What is -22300101 (base 4) in base 7?
-242265
What is 3004b9 (base 13) in base 15?
17043c
4a836 (base 16) to base 15
60671
Convert -12344432 (base 7) to base 9.
-2086872
15410564 (base 7) to base 15
1e4058
-1473266 (base 8) to base 12
-185186
What is -74ed3 (base 15) in base 6?
-11542343
Convert -328004 (base 9) to base 16.
-2fe09
3333132123 (base 4) to base 14
1d34cb
-4a601 (base 13) to base 4
-201200031
What is 653011 (base 9) in base 15?
7a531
27757456 (base 8) to base 16
5fdf2e
Convert -744a8 (base 12) to base 16.
-254c0
1ccad (base 16) to base 2
11100110010101101
-10313200221 (base 4) to base 3
-2101211021020
29228 (base 13) to base 5
4433032
Convert -312d29 (base 15) to base 13.
-63b50b
1616150 (base 9) to base 14
194b6c
Convert -8317 (base 14) to base 2.
-101100000100001
Convert 1121110202 (base 3) to base 4.
13233023
Convert -191514 (base 12) to base 3.
-211020201021
83019 (base 13) to base 7
1666266
What is 40510043 (base 6) in base 14?
222a15
Convert -6668a30 (base 11) to base 3.
-211000012002022
What is 23131120120 (base 4) in base 15?
3e50bd
Convert -15604413 (base 7) to base 12.
-610340
28549a6 (base 11) to base 15
6702c9
Convert -3a28867 (base 12) to base 8.
-53702317
What is -2637137 (base 8) in base 12?
-2b6513
-2540330 (base 6) to base 2
-100001100100011110
What is 537313 (base 9) in base 7?
2502531
951432 (base 14) to base 8
23154044
Convert -254252 (base 6) to base 7.
-124025
What is -11000110010010 (base 2) in base 7?
-51666
What is -12121020101122 (base 3) in base 14?
-576ba2
What is 147631 (base 12) in base 3?
122111221101
What is -40822 (base 12) in base 5?
-10142442
423a40 (base 11) to base 10
678733
What is 102211121 (base 4) in base 7?
434633
2235100 (base 7) to base 16
43d77
What is 196512 (base 11) in base 5?
34121144
Convert 110000101110110011111 (base 2) to base 16.
185d9f
Convert -30531423 (base 6) to base 4.
-3113210013
What is -56382 (base 10) in base 16?
-dc3e
5342052 (base 6) to base 4
1000001300
4121a (base 13) to base 7
664350
What is 2517746 (base 8) in base 3?
1022101010200
-123532 (base 6) to base 2
-10101111010000
b45415 (base 12) to base 16
2b2c11
1329379 (base 10) to base 2
101000100100011100011
1011011110101001110 (base 2) to base 14
9b114
What is 2311444 (base 5) in base 8?
121033
What is -1122002333 (base 4) in base 10?
-368831
22e3c3 (base 16) to base 5
1041132111
What is -12e464 (base 16) in base 7?
-13344445
260365 (base 11) to base 8
1441416
1873553 (base 10) to base 5
434423203
What is -45203011 (base 6) in base 14?
-278dc3
-877084 (base 9) to base 2
-1111111110011101010
What is -32233201 (base 4) in base 13?
-21640
What is -6634b (base 13) in base 14?
-4b66a
Convert 3352711 (base 9) to base 16.
1b8fe6
Convert b255b (base 13) to base 3.
121020020211
What is -12343024104 (base 5) in base 11?
-8645740
Convert -17765527 (base 8) to base 16.
-3feb57
Convert 9152e (base 16) to base 8.
2212456
245415221 (base 6) to base 15
63b281
-802545 (base 12) to base 15
-296125
Convert 10440000 (base 5) to base 9.
151662
-33893 (base 10) to base 13
-12572
What is 50025115 (base 7) in base 14?
795045
What is -60255106 (base 7) in base 12?
-1806b47
67950 (base 12) to base 3
21000010020
Convert 3114411421 (base 5) to base 3.
110001100121200
Convert 169aa (base 12) to base 13.
11a64
Convert -863101 (base 9) to base 15.
-a2487
-3784917 (base 10) to base 14
-7074b3
Convert cd4cc (base 14) to base 11.
30a96a
-9c621 (base 13) to base 16
-45726
Convert 601210 (base 14) to base 12.
10b9326
Convert 146264 (base 9) to base 13.
31bb5
Convert -579780 (base 13) to base 14.
-3c1136
Convert -333333113 (base 4) to base 9.
-438475
What is 31033300212 (base 4) in base 6?
202232010
-35b63 (base 12) to base 7
-421251
111534 (base 7) to base 8
46555
What is -3086273 (base 9) in base 5?
-410321123
What is 535007 (base 8) in base 4?
223220013
-3d6525 (base 14) to base 4
-20020012311
What is -7519042 (base 11) in base 10?
-13232848
What is 200111033312 (base 4) in base 8?
40251766
What is 4051015 (base 6) in base 4?
233030303
Convert -2100057 (base 9) to base 2.
-100010001111010111111
Convert 11120221201 (base 3) to base 14.
24d05
Convert -27abc0d (base 14) to base 3.
-1100012112001221
What is -135145041 (base 6) in base 4?
-22203132301
-2552a (base 11) to base 15
-ac84
Convert -358972 (base 16) to base 10.
-3508594
1221211002100 (base 3) to base 8
3756401
Convert 130527 (base 12) to base 7.
2436004
What is -87857 (base 12) in base 10?
-179203
What is 582ac (base 13) in base 15?
329e1
-101010100000000011 (base 2) to base 9
-284715
What is 177593 (base 12) in base 14?
a8411
Convert -66486e (base 16) to base 9.
-13546065
819439 (base 11) to base 16
1412e2
What is 3410155 (base 6) in base 15?
3615e
3c580 (base 13) to base 14
2d272
What is 35626 (base 16) in base 6?
4404154
Convert -91723 (base 13) to base 2.
-111111100101101010
What is -10111101101110110 (base 2) in base 4?
-113231312
What is -100001100101010001100 (base 2) in base 10?
-1100428
-9c4a7 (base 14) to base 15
-7771d
7618059 (base 10) to base 6
431140443
-13355 (base 11) to base 16
-4a71
28dc5 (base 16) to base 4
220313011
71b06 (base 16) to base 7
3646432
What is 312220233 (base 4) in base 10?
223791
What is 11a738 (base 13) in base 9?
714280
-1706859 (base 10) to base 13
-479b9b
Convert -33503005 (base 7) to base 12.
-b832b1
Convert 3a907 (base 11) to base 6.
1130013
What is 262330b (base 12) in base 5?
3410341214
What is -3004a2 (base 12) in base 10?
-747194
Convert -211120102000101 (base 3) to base 9.
-24512011
63239 (base 12) to base 4
133232031
Convert 33db0 (base 15) to base 7.
1255212
16b287 (base 13) to base 12
23434b
Convert -176236 (base 8) to base 6.
-1215222
22252135 (base 8) to base 11
2792681
Convert -12211121220 (base 3) to base 4.
-130003131
9b5c51 (base 13) to base 16
37fb97
-665563 (base 7) to base 11
-80104
What is -177214 (base 10) in base 14?
-48822
1322212231 (base 4) to base 7
4161052
102416316 (base 7) to base 6
334050510
Convert 2aa38 (base 12) to base 11.
41290
What is 146016 (base 14) in base 10?
707972
Convert -3a514 (base 11) to base 8.
-160775
-5410673 (base 9) to base 13
-7a72a6
132114132 (base 5) to base 3
1020120002112
What is 20013223032 (base 4) in base 5?
1021103330
Convert -79666 (base 11) to base 15.
-24244
What is -8c3883 (base 14) in base 2?
-10010001101011001111011
Convert 50435334 (base 6) to base 12.
592b4a
What is -819aa (base 12) in base 16?
-29452
Convert -103868 (base 15) to base 7.
-6361655
What is -77a00c (base 13) in base 9?
-5268560
396dc (base 14) to base 10
141314
-281111 (base 10) to base 8
-1045027
What is -127961 (base 12) in base 2?
-1001010001010011001
What is -12134414 (base 6) in base 2?
-1011110001110001010
2342200121 (base 5) to base 14
a1429b
What is 277150 (base 8) in base 4?
113321220
12024634 (base 7) to base 16
104176
-204256 (base 14) to base 9
-2036180
What is 6744433 (base 8) in base 5?
431232310
-15873 (base 9) to base 16
-2aa8
What is -a21d (base 16) in base 4?
-22020131
Convert 103236 (base 9) to base 10.
61431
Convert 1a34b (base 14) to base 15.
14a91
-203245 (base 7) to base 6
-424554
Convert -401643 (base 8) to base 1